 -71*c + 1488 = 22*c. What is the remainder when 230 is divided by c?
6
Suppose 5*h - 2 = 2*o - 1, 4*o - 6 = 2*h. Let z = -103 - h. Let d = -71 - z. What is the remainder when d is divided by 18?
15
Let c be 6/(-15) + (-1144)/(-10). Suppose 3*j - 5*j + c = 0. What is the remainder when j is divided by 2388/84 - 4/(-7)?
28
What is the remainder when -3*330/36*-2 is divided by 19?
17
What is the remainder when (4192/40)/(4/20) is divided by 48?
44
Let y(x) = 27*x - 24. Let i(q) = 3*q + 88. Calculate the remainder when y(8) is divided by i(-13).
45
What is the remainder when (8790/46 - (-2)/(-23))*1 is divided by 14?
9
Let r(b) = -2*b**3 - 3*b**2 - 9. Calculate the remainder when 190 is divided by r(-3).
10
Suppose 3*j = -2*k, 4*k + 34 - 12 = 5*j. Let o = 4 + 23. Calculate the remainder when o is divided by -4 - -17 - 6/j.
7
Let s = -27 + 47. Let o = s + -7. Let t(p) = 6*p**2 - 3*p + 2. Calculate the remainder when o is divided by t(1).
3
Let q(w) = 8*w - 15. Let x(h) = -h**3 - h**2 + 6*h + 4. Let i be x(-3). Calculate the remainder when q(i) is divided by 5.
2
Suppose -5*z + 26 = 1. Let a(n) = -3*n - 8. Let w be a(-5). Suppose -w*h + 38 = -130. What is the remainder when h is divided by z?
4
Let m(u) = 215*u + 451. What is the remainder when 106 is divided by m(-2)?
1
Let v(q) = 2*q**2 - 59*q - 70. What is the remainder when v(45) is divided by 34?
33
Let g(t) = 2*t**3 - 2*t**2 + 11*t - 5. Calculate the remainder when 2/2*97 + 1 is divided by g(2).
23
Let k = 22 + -25. What is the remainder when (2/(-1))/((-2)/33) is divided by (-1)/k*36/1?
9
Let j(c) = -3*c**3 + 5*c**2 + 7*c - 8. Calculate the remainder when j(-3) is divided by 40.
17
Let u(g) = -2*g - 2. Calculate the remainder when ((-72)/(-15))/(6/40) is divided by u(-7).
8
Let y = -579 - -679. Calculate the remainder when y is divided by 28.
16
Let v = 50 - 38. What is the remainder when v is divided by (1 - 2)*-5*1?
2
What is the remainder when 9 - 27948/(-60) - 2/(-10) is divided by 23?
15
Let i be 0/(5 - -2*6/(-4)). Suppose -2*j - 2*f = -192, i = 5*j - 10*j + 2*f + 466. What is the remainder when j is divided by 12?
10
Let d = -2 + 6. Let m be 2*d + (4 - 2). Suppose l = 8 + m. What is the remainder when 35 is divided by l?
17
Let w(x) = 3*x - 5. Let b be (-6)/(-4)*(-10)/(-5). Let l(v) = 10*v**2 - v - 1. What is the remainder when l(-1) is divided by w(b)?
2
Let i = 98 - 39. Calculate the remainder when i is divided by 23.
13
Let y(f) = -3*f - 10. Let d(i) = 34*i + 6. Let u be d(5). Let c = -110 + u. Calculate the remainder when c is divided by y(-9).
15
Let j = 280 + -193. Suppose 0 = -3*u + j + 72. Calculate the remainder when u is divided by 9.
8
Suppose 0 = -2*f - 4*j + 18, 3*f - 4*j - 9 = 18. Let b(l) = 4*l - 29. What is the remainder when 24 is divided by b(f)?
3
Calculate the remainder when 121 is divided by (-2)/(-1*(-4)/(-82)).
39
Let n = 788 - 776. Calculate the remainder when 39 is divided by n.
3
Let w(g) = 11*g**2 - 49*g + 2. What is the remainder when w(-6) is divided by 29?
25
Let l be 45/51 + 1 + 15/(-17). Suppose 5 = g + l, 2*g - 26 = -y. Calculate the remainder when y is divided by 5.
3
Let d be (1/(-5) + -3)/(2/(-5)). Calculate the remainder when (d - 5) + 3/(-3) is divided by 2.
0
Let i(o) = 16*o + 22. Calculate the remainder when 153 is divided by i(0).
21
Suppose 4*a - 2*t - 752 = 0, -795 = -4*a + 5*t - 49. What is the remainder when a is divided by 35?
14
Let v(a) = 2*a**2 - 10. Let m be v(-5). Suppose 0 = 4*u - 9*u + m. What is the remainder when 38 is divided by u?
6
Let r(d) = d + 28. Let a be r(-11). Suppose 3*x - 4 = a. Let k = 36 + -10. Calculate the remainder when k is divided by x.
5
What is the remainder when (6/(-5))/((162/(-960))/9) is divided by 13?
12
Let d be (0 - 12/(-5))/(4/10). Suppose 0 = 2*u - d - 4. What is the remainder when 12 is divided by u?
2
Let m = 572 + -466. What is the remainder when m is divided by 23?
14
Let k = 1308 - 1249. What is the remainder when 1000 is divided by k?
56
Let z be 5/(-2 - (3 - 6)). Let u = z + -2. Suppose 2*r = -r + 5*t + 227, 5*t - 187 = -u*r. Calculate the remainder when r is divided by 36.
33
Let u = 299 + -94. Calculate the remainder when u is divided by 53.
46
Let k = 63 + -34. Suppose 0 = -39*j + 47*j - 896. What is the remainder when j is divided by k?
25
Suppose -8 = -2*s, 44*i - 4*s + 8 = 40*i. Suppose w = 3*w - 4. Calculate the remainder when w is divided by i.
0
Let q = -326 + 543. Suppose q = 13*z - 6*z. What is the remainder when z is divided by 8?
7
Let y(p) = p**2 - 3*p - 11. Calculate the remainder when y(11) is divided by 28.
21
Suppose 0*h - 2*h = -110. Let a = -246 - -358. Suppose 4*w = -4*w + a. Calculate the remainder when h is divided by w.
13
Suppose -2*d + 8 = -4. Suppose -d*t + 125 = -t. Suppose 3*i = t - 4. What is the remainder when i is divided by 4?
3
Let u(a) = -a**3 + 8*a**2 - a - 16. Let m be u(8). What is the remainder when (-6)/8 + 3/(m/(-598)) is divided by 19?
17
Let c = -49 - 73. Let t = 127 + c. Calculate the remainder when t is divided by 4.
1
Let u = -380 - -390. What is the remainder when u is divided by 3?
1
Let c(q) = -7*q**3 - 2*q**2 - 8*q - 6. Let z(h) = 6*h - 2. Calculate the remainder when z(6) is divided by c(-1).
6
Let k = 884 - 835. What is the remainder when k is divided by 30?
19
Let p = 6 + -12. Let y = -204 - -203. What is the remainder when 7/y*p + -1 is divided by 14?
13
Suppose -26*p = -11*p - 1350. What is the remainder when 1167 is divided by p?
87
Let w(x) = 7*x + 72. Calculate the remainder when w(29) is divided by 96.
83
Suppose 76 = 2*x + y, -2*y = -4*x - y + 140. Let k(b) = b**2 + 8*b - 7. Calculate the remainder when x is divided by k(2).
10
Suppose -8*u - 104 = -144. Let i(j) = 2*j**2 - 3*j + 1. Let t be i(2). Suppose 0 = t*d - 17 - 19. What is the remainder when d is divided by u?
2
Suppose 0 = 5*m + 2*j - 87, -5*m = -41*j + 38*j - 57. Let y = 90 - 48. What is the remainder when y is divided by m?
12
Suppose b = -4*w + 1393, -3*w = -16*b + 14*b - 1042. Calculate the remainder when w is divided by 11.
7
Suppose 4*m - 716 = -d + 112, -m = 5*d - 188. What is the remainder when m is divided by 42?
40
Let i(c) = -70*c + 22. What is the remainder when 344 is divided by i(-2)?
20
What is the remainder when 765 is divided by (-2)/((10/(-165))/((-18)/(-27)))?
17
Suppose -5*q - 16 = -3*b + 75, -3*b - 3*q + 123 = 0. What is the remainder when b is divided by 15?
7
Let i(u) = -2*u**2 + 10*u - 9. Let x be i(3). Let q = x + 8. Calculate the remainder when 63 is divided by q.
8
Suppose 4*h - 5*d - 170 = -3*d, 3*h + 2*d = 124. Calculate the remainder when 147 is divided by h.
21
Suppose -4*k - 5*t = -469, t = -5*k + 362 + 198. Calculate the remainder when k is divided by 38.
35
Let q = -954 + 987. What is the remainder when 228 is divided by q?
30
Let f(l) = -l - 8. Let a be f(-6). What is the remainder when 7 is divided by (10/(-6))/(a/6)?
2
Let h(n) = n**3 - 6*n**2 + 4*n + 4. Let l be h(5). What is the remainder when l/2 - (-55)/2 is divided by 15?
12
Suppose -27 = 5*f + 3*h, -f + 23 = -5*f - h. Suppose -5*x - 769 = -3*r, 3*x = -r + 30 + 203. Calculate the remainder when f/(-30) + r/10 is divided by 9.
7
Suppose 2*x - 7*d - 163 = -2*d, -4*d - 262 = -3*x. Calculate the remainder when x is divided by 48.
46
Suppose n + 11 = 4*q, -3*q = -n - 2*n - 6. Suppose -n = -3*k + 41. Calculate the remainder when k is divided by 10.
4
Let a be (-1)/6 + (1460/(-24))/1. Let b = 87 + a. What is the remainder when b is divided by 15?
11
Suppose 0 = -k - 2*g - 20 + 82, k = 3*g + 47. What is the remainder when k is divided by (-5)/(((7 - 1)/3)/(-8))?
16
Suppose 48*u - 44*u - 4*r - 244 = 0, -307 = -5*u + 3*r. What is the remainder when u is divided by 13?
10
Let q = 466 + 81. Calculate the remainder when q is divided by 110.
107
Suppose 2*y - o - 39 = -6*o, -32 = -y - 5*o. Let a be -1*(-2 + 4) - 0. What is the remainder when (-5 - (a - -3))*-3 is divided by y?
4
Let o(t) = t**3 - 13*t**2 + 15*t + 5. Calculate the remainder when 134 is divided by o(12).
11
Let k be (-78)/12 - (-1)/(-2). Let s(w) = -4*w - 18. What is the remainder when 18 is divided by s(k)?
8
Let y(k) = 5*k**2 + 7 - 4*k**2 + 3 + 5*k + 4*k**2. Let i(q) = 4*q**2 + 6*q + 9. Let w(f) = -6*i(f) + 5*y(f). Calculate th